c + 58 = 0. Let f = l + 102. Suppose -7*j + f = 3*b - 2*j, -3*b = -2*j - 41. Calculate the remainder when 49 is divided by b.
15
Let k = -2233 + 2532. What is the remainder when k is divided by 67?
31
Suppose -80*b = -79*b - 54. Suppose 4*y + 5*n - n = 120, 0 = -2*y + 4*n + b. Calculate the remainder when y is divided by 15.
14
Suppose p + 3*s - 43 = 0, 4*p + 0*s = -2*s + 122. What is the remainder when 46 is divided by p?
18
Suppose -8 = -0*w - w + v, w - 18 = 3*v. Let m = w + 0. Suppose p = -m*p + 356. Calculate the remainder when p is divided by 18.
17
Let t(l) = -3*l**2 + 19*l + 3. What is the remainder when 250 is divided by t(5)?
20
Let x(k) = -k**2 + 18*k - 34. Let i = 141 + -88. Let w be i/4 - (-6)/8. What is the remainder when 87 is divided by x(w)?
21
Suppose -x + 22 = 10. What is the remainder when 11 is divided by 16/x*27/6?
5
Suppose 4*w + 5*z + 293 = 0, -6*w + w - z = 361. Let k = w + 96. What is the remainder when 117 is divided by k?
21
Let d(f) = -2*f**3 + 29*f**2 - 28*f + 5. Calculate the remainder when d(13) is divided by 3 - (-28 + 4/4).
28
Let g(o) = -19*o - 34. What is the remainder when 335 is divided by g(-4)?
41
Suppose 0 = -0*y - 3*y + 45. Suppose -5*k + 2*k = -y. What is the remainder when (16 + 0)/(2/2) is divided by k?
1
Let y be ((-6)/(-24)*4)/((-2)/12). Suppose -5*j + 41 = -14. What is the remainder when j is divided by 6 + -1 - (24/y)/(-2)?
2
Let a = 134 + -114. What is the remainder when 335 is divided by a?
15
Suppose 88*b + 1043 = 95*b. Calculate the remainder when b is divided by 30.
29
Suppose -13 + 7 = -2*u. Suppose 0 = 3*g + w - 9 - 8, -5*g + u*w = -47. What is the remainder when g is divided by 5?
2
Let g = 999 - 898. What is the remainder when 502 is divided by g?
98
Let y(j) = j**2 - 4*j - 1. Let n be y(5). Suppose -g - g - 8 = -5*h, 3*h - n*g = 16. Suppose 0 = -h*q + q - 11. Calculate the remainder when q is divided by 3.
2
Let m = -12 - -16. Let w = 2 + m. Suppose w*b - 4*b - 40 = 0. What is the remainder when b is divided by 7?
6
Suppose -358*q = -363*q + 90. Calculate the remainder when q is divided by 13.
5
Let k(s) = -28*s - 104. What is the remainder when 141 is divided by k(-5)?
33
Let p = 4186 - 2955. Calculate the remainder when p is divided by 77.
76
Let l(w) be the third derivative of -w**4/4 - w**3/6 + 10*w**2. Let a be l(-1). Let f = 48 - a. What is the remainder when f is divided by 11?
10
Suppose -3*v = 4*c - 19, -5*v - 3*c + 5*c + 75 = 0. Suppose 16*w = v*w + 27. What is the remainder when 16 is divided by w?
7
Let j(u) = u**2 - 7*u + 9. Let h be j(6). Let x = -12 - -12. Suppose -r - 3*w + 26 = 0, 54 = 3*r - x*r - h*w. What is the remainder when r is divided by 7?
6
Suppose 3*q + 9*o - 4*o = 37, -4*q + 2*o = -58. Let j be 284/(-14) - 2/(-7). Let z = 49 - j. What is the remainder when z is divided by q?
13
Let j(p) = -p**3 - 4*p**2 - 6*p - 8. Let i be j(-3). Calculate the remainder when 118 is divided by ((-48)/i)/(-6) - (1 + -1).
6
Let j(x) = x - 10. Let a be j(8). Let i be (-29 - 3)/a + -3. Suppose -4*g = -3*u + i, -6*u + 13 = -u + 2*g. What is the remainder when 3 is divided by u?
0
Let m(o) = 3 - 2 - 6 - 1 - 10*o. Calculate the remainder when 39 is divided by m(-2).
11
What is the remainder when ((-606)/12)/(2/4)*-1 is divided by 3?
2
Suppose 0*p - 2*w + 4 = p, 2*p - 3*w - 1 = 0. Suppose -i + 43 = -p*a - 2*a, 0 = -5*i - 4*a + 119. Calculate the remainder when 51 is divided by i.
24
Let v(i) = 2*i**2 - 2*i - 1. What is the remainder when v(-4) is divided by (-18)/(2/(-1)) + (-167 - -173)?
9
Let x(i) = -2*i + 10. Calculate the remainder when 426 is divided by x(-19).
42
Let z(r) = -r**2 + 11*r + 17. Let b be z(12). Suppose -5*h = -2*q + 9, 0*q - 2*q - b*h - 21 = 0. Let s = q - -11. What is the remainder when 38 is divided by s?
6
Let c be 0/(-2 + 0)*-1. Suppose -3*o + 20 + 7 = c. What is the remainder when 37 is divided by 3/(o/(-15))*-2?
7
Let d(y) = y**2 - 11*y - 20. Let c be d(16). Suppose -8*v = -3*v - c. What is the remainder when v is divided by 7?
5
Calculate the remainder when (8/(-16))/((-19053)/(-9528) - 2) is divided by 37.
34
Suppose -18 + 50 = 2*y. Let n = 24 - y. Let i(d) = d**2 - 6*d - 3. Calculate the remainder when 35 is divided by i(n).
9
Let v(r) = r**2 + 58*r - 1056. What is the remainder when v(17) is divided by 20?
19
Suppose 21*f - 2447 = -746. Suppose -2*h = 3*h - 140. What is the remainder when f is divided by h?
25
Let f = 1303 - 1243. What is the remainder when 262 is divided by f?
22
Let h(d) = -d**3 - 2*d**2 + 13*d + 4. Calculate the remainder when 32 is divided by h(-5).
4
Let r(h) = -h**3 - 3*h**2 + 25*h + 5. Calculate the remainder when 176 is divided by r(-7).
20
Suppose 44*o - 1189 + 177 = 0. What is the remainder when 66 is divided by o?
20
Let j be (1 + 1)*(-20)/(-8). Let z(g) = 5*g + 24. Let p(x) = -6*x - 25. Let b(d) = j*z(d) + 4*p(d). Calculate the remainder when 52 is divided by b(-6).
10
Let q be 56 + (4 - -2)/2. Let x = q + -39. What is the remainder when x/150 + 793/15 is divided by 18?
17
Let y(f) = -3*f - 17. Let g be y(-4). Calculate the remainder when 2 + 51 - (g - -1) is divided by 21.
15
Suppose 0 = -0*t + 3*t - 9. Let p(v) = 24*v - 26. What is the remainder when p(t) is divided by 24?
22
Let m = -8 + 4. Calculate the remainder when 32 is divided by (-45)/m - (-2)/(-8).
10
Suppose -238 = -3*t + 8*j - 10*j, 2*j + 308 = 4*t. Suppose -5*z + 2*z = 0. Suppose z = 5*m - 18 - 82. Calculate the remainder when t is divided by m.
18
Let d(x) = 44*x**2 + 2. Let h(r) = 22*r**2 + 1. Let q(t) = -2*d(t) + 5*h(t). Calculate the remainder when 88 is divided by q(-1).
19
Let q be (-4)/(-2) + -285 + -2. Let h = 417 + q. Suppose 0 = 3*y + y - 2*o - h, 2*y + 4*o = 46. Calculate the remainder when y is divided by 8.
7
Let q = -799 - -821. Suppose -10 = -j + 76. What is the remainder when j is divided by q?
20
Let u(d) = d**3 + 2*d**2 + 4*d + 4. Let k be u(-2). Calculate the remainder when 13 is divided by ((-16)/k - 1) + (-2 - -1).
1
Let b = -118 + 215. Calculate the remainder when b is divided by 86.
11
Suppose 4*k + 276 = -4*o, 2*k + 281 = -4*o + 3*k. Let b = o + 84. What is the remainder when 137 is divided by b?
11
Let a(u) be the second derivative of u**3/2 + 9*u**2/2 + 39*u. What is the remainder when 99 is divided by a(6)?
18
Suppose -2*u + 374 = -0*u. What is the remainder when u is divided by 27?
25
Let a(g) = 8 + 4 - 16 + 2*g. Calculate the remainder when 88 + (0 - (1 - 1)) is divided by a(17).
28
Suppose -6*r = -3*r. Suppose r*u = -3*u + 72. Let j = -22 + u. What is the remainder when 2 is divided by j?
0
Suppose -p + 9 = -8. Suppose 3*j - 32 = 205. Let k = j - 70. Calculate the remainder when p is divided by k.
8
Let s = -1 - -12. Suppose 0 = -4*f + 4*q + 140, -q - 3*q = 14*f - 400. Calculate the remainder when f is divided by s.
8
Let f(m) = -2*m**3 - 2*m**2 + 3*m - 24. Let k(l) = -5*l**3 - 5*l**2 + 7*l - 49. Let s(r) = -7*f(r) + 3*k(r). What is the remainder when 61 is divided by s(0)?
19
Suppose 2*o = 4*i + 48, -83 = -2*o - 9*i + 6*i. Calculate the remainder when 90 is divided by o.
22
Let i(p) = 46*p**3 - p**2 + 7*p - 6. What is the remainder when i(1) is divided by 27?
19
Suppose -2*n + 5*k = -109, n + k = 44 + 14. Suppose 27*j - 1540 = 9*j + 2474. Calculate the remainder when j is divided by n.
52
Calculate the remainder when 102 is divided by -231*20/(-390) - 4/(-26).
6
Suppose 4*h + h - 120 = 0. Let b = -11 + h. Let c = 70 - 6. What is the remainder when c is divided by b?
12
What is the remainder when 107 + (8 - (2 - -4)) is divided by 31?
16
Suppose -5*w + 2*a + 4 = 0, -3*a = -w + 4*w - 15. Suppose 0 = 5*u - 3*b - 595, -w*u + 0*b + 3*b = -229. What is the remainder when u is divided by 31?
29
Let j be (-2)/(-4)*20 - 2. Let k = j - 2. Suppose -4 = -x, 0 = 2*u - k*u + x + 268. What is the remainder when u is divided by 23?
22
Let k = -455 - -489. What is the remainder when 406 is divided by k?
32
Let q = 1310 - 1186. What is the remainder when q is divided by 44?
36
Let b(n) = n**2 + 7*n + 7. Let g be (3/2)/(6/32). Let q(z) = -z. Let k be q(g). What is the remainder when b(k) is divided by 9?
6
Let s(m) = -m + 12. Let c be s(7). Suppose -3*j - j = 20, -5*j + 5 = c*u. What is the remainder when 23 is divided by u?
5
Let f be (1/2)/((-